137
Let t(z) = -5*z + 52. Let h be t(10). Suppose h*f = 4, -w = w - 3*f - 264. List the prime factors of w.
3, 5
Let g = -606 - -609. Suppose 0 = -g*u + 1597 + 902. List the prime factors of u.
7, 17
Let s = -543 - -1099. Suppose 2*b - s - 290 = 0. What are the prime factors of b/3 + 0 + 2?
11, 13
Let b be (1515/10)/(-4 + 100/24). Let c = b + -550. What are the prime factors of c?
359
Suppose -5*m + 46475 = 5*h - 9*m, -6*m = 4*h - 37134. List the prime factors of h.
3, 19, 163
List the prime factors of ((-195195)/315)/(2/(-78)).
11, 13
Let c be 2/(-6) - (-5 + 35/21). Let r(p) = -9 + 0 - 30 + c + 18*p. What are the prime factors of r(13)?
2, 3, 11
Suppose 0 = 3*u - d + 2907, -994 + 4870 = -4*u - 2*d. Let v = -438 - u. What are the prime factors of v?
3, 59
Let o = 508 - 723. What are the prime factors of -3 - (0 - 1) - o?
3, 71
Suppose -20*u + 4*o = -21*u + 182, -3*o - 823 = -4*u. Let z = 506 - u. What are the prime factors of z?
2, 19
What are the prime factors of 24/(-84) + 132438/42?
3, 1051
Let j(c) = -2*c**3 - 4*c**2 + c + 6. Let n be j(-3). Suppose -23*s = -n*s + 2. What are the prime factors of (-1)/(-3) - (s - (-1167)/(-9))?
131
Let j be (222/78 - 4/(-26)) + -1. Suppose c + 111 = -5*f + 654, 5*f - j*c = 534. List the prime factors of 8 + -4 + f + 4.
2, 29
Let t(x) be the second derivative of 319*x**4/12 - 4*x**3/3 - 7*x**2/2 + x + 1. What are the prime factors of t(-1)?
2, 5
Let y be (-8)/5*45/(-18). Suppose -y*f + 1 + 39 = 0. Suppose -5*w = f*w - 840. What are the prime factors of w?
2, 7
Let w = -26975 + 52985. List the prime factors of w.
2, 3, 5, 17
Let c be 1/(-1) - (1 - 5). Suppose 3 + 57 = c*j. Suppose o = -d + j, d + 0*o - 24 = -2*o. What are the prime factors of d?
2
Let q be -10*-1*3/6. Suppose -c + 4*c = -3*f + 1410, -2336 = -q*c + 2*f. List the prime factors of c.
2, 3, 13
Suppose -2*x + 17 = 3*w + 2*x, -5*w - 2*x + 19 = 0. Let y be 8/(-4) + w + -2. List the prime factors of (6/9*-3)/y.
2
Let x(k) = 156*k - 1. Let p be x(5). Let u = p - -133. What are the prime factors of u?
2, 3, 19
Suppose -6*m - 36 = -15*m. What are the prime factors of (m/(-10))/((-2)/1055)?
211
Suppose 0 = -4*n + 3*y + 133407, 3*n - 17*y - 100043 = -13*y. What are the prime factors of n?
3, 11119
Suppose 882 + 2422 = 4*x - 4*i, -3*x - 5*i + 2446 = 0. Let j = -417 + x. What are the prime factors of j?
3, 5
Let v(s) = 3*s - 6. Let q be v(3). Let f be (2 - 5) + 1 + (q - -5). Let r(g) = 7*g + 14. What are the prime factors of r(f)?
2, 7
Let m = 77 + 600. Suppose 10*j = m + 363. List the prime factors of j.
2, 13
Suppose 395 - 122 = 7*u. Suppose u*q - 44*q + 2740 = 0. What are the prime factors of q?
2, 137
Suppose 23*s - 3689 = 40*s. Let b = 879 + s. List the prime factors of b.
2, 331
Let w(i) = i**3 - 20*i**2 + 55*i - 272. What are the prime factors of w(32)?
2, 3, 7, 41
Let z(w) = -1029*w - 160. What are the prime factors of z(-6)?
2, 31, 97
Suppose -3*m = -3*r + 63078, 5*r - 536*m = -533*m + 105122. What are the prime factors of r?
2, 23, 457
Let y = 22 + -22. Suppose 0 = 8*f - 5*f - 9, 2*o + 3*f - 115 = y. What are the prime factors of o?
53
Suppose -11*y + 36*y + 100 = 0. List the prime factors of ((-2118)/(-15))/(y/(-40)).
2, 353
Let a = -181 + 184. Suppose w - 272 = -a*w. List the prime factors of w.
2, 17
Suppose 3*l = 52 + 176. Suppose 0*k - g = k - l, -2*k = g - 148. What are the prime factors of ((-5)/3)/((-12)/k)?
2, 5
Let k(a) be the first derivative of -2/3*a**3 + 21/2*a**2 + 0*a - 3. What are the prime factors of k(8)?
2, 5
List the prime factors of (6 - 119/34)*87816/15.
2, 3659
Suppose -50*m - 66*m + 6915272 = 80*m. What are the prime factors of m?
2, 13, 23, 59
Let d(w) = 2011*w**2 + 1184*w - 8. What are the prime factors of d(-5)?
61, 727
Let c(h) = h**3 - 12*h**2 - 11*h - 28. Let o be c(13). List the prime factors of -2686*(-5)/90 - o/(-9).
149
What are the prime factors of -2 + 7431 + (-2 - -1)*9?
2, 5, 7, 53
Let l be 427 + -1 - (-3)/(-6)*-2. Let i be 3669/15 - (-10)/25. Suppose -l = -4*v + i. List the prime factors of v.
2, 3, 7
Suppose -44*n + 2336098 = -3*n. List the prime factors of n.
2, 31, 919
Let r(q) = 1952*q - 4486. List the prime factors of r(26).
2, 3, 11, 701
Let b(f) = 9*f**3 + 10*f**2 - 12*f + 20. List the prime factors of b(9).
7283
List the prime factors of (-234818)/(-6) + 1337/(-573).
2, 17, 1151
Suppose -5*h - 5 = -0*m - m, 2*m + 3*h + 55 = 0. List the prime factors of (-11525)/m - -4 - (-12)/16.
7, 83
Let c(m) = 3*m**2 + 5*m + 25. Let u be c(-6). Suppose -108*s = -u*s - 1515. Suppose 0 = 3*a - 45 - s. List the prime factors of a.
2, 29
Suppose 29*q - 616213 - 151098 = 0. List the prime factors of q.
26459
Suppose 32324 = m + 17767 - 29163. List the prime factors of m.
2, 5, 1093
Let p be 6/(-9) - (760/12)/10. Let u(w) = -w**2 - 18*w + 1. List the prime factors of u(p).
2, 3, 13
List the prime factors of 1356/84 + -16 - 1336896/(-42).
139, 229
Let p(o) = 115*o + 125. Suppose 12*d + 210 = 6*d. Let z(s) = 13*s + 14. Let n(a) = d*z(a) + 4*p(a). List the prime factors of n(19).
3, 5, 7
Let i(h) = 21*h**2 + 21*h - 42. Let x(p) = -33*p**2 - 32*p + 63. Let z(g) = 8*i(g) + 5*x(g). What are the prime factors of z(6)?
3, 5
Let m = 887 + -499. Let g = 141 + m. List the prime factors of g.
23
Let g = -46302 + 66823. List the prime factors of g.
20521
Let b = 66 - 39. Suppose -5*p - b = 3*u + 85, -24 = 2*p - 4*u. What are the prime factors of (-1379)/(-5) - (44/p)/11?
2, 3, 23
Suppose -3*o - g + 14 = 0, 4*g - 2 - 9 = 3*o. Let w be ((-68)/10)/(o/15). Let n = w - -64. What are the prime factors of n?
2, 3, 5
Let d = -1646 + 879. Let o = d + 1316. What are the prime factors of o?
3, 61
Suppose 8*s + 9*n = 6*n + 136705, 6 = 2*n. List the prime factors of s.
7, 2441
Let n = -46862 + 81027. List the prime factors of n.
5, 6833
Suppose k - 5*c - 5 = 0, -5 = -k - 4*c + c. Suppose k*i = 5*n + 1383 + 52, -860 = -3*i + 4*n. Suppose -4*t + 6*t = i. List the prime factors of t.
2, 3
Let h be (44/20 + -3)*75/(-10). Let b(d) = -32*d**2 + 11*d + 1. Let w(f) = f**2 + f + 1. Let v(a) = h*w(a) - b(a). What are the prime factors of v(2)?
3, 7
Suppose -521 = -2*q + 261. Suppose q = s + 92. List the prime factors of s.
13, 23
Let g(v) = -34*v - 14. Let h be g(-13). Suppose -3*q + h = 2*m - q, -m + q = -212. List the prime factors of m.
3, 71
Let v(f) = f**3 + f - 6. Let k be v(2). Suppose -801 = 5*y - g, -5*g - 16 = k. Let t = -90 - y. List the prime factors of t.
71
Suppose 16 = -q + 21. Suppose 5*s - 1830 = 5*x, x + 1842 = q*s - 0*x. List the prime factors of s.
3, 41
Let s(i) = -28*i + 48. Let l be s(8). Let g = l + 223. List the prime factors of g.
47
Suppose 0 = -5*w + 390 + 75. Let p = 92 + w. Let q = p + -72. List the prime factors of q.
113
Let w(f) = 7*f + 59. Let s be w(-8). Let x(j) = j + 8. Let k be x(-6). Suppose -s*h - 4*a = -264, -a + 4*a = k*h - 176. List the prime factors of h.
2, 11
Let m(o) = 11*o - 73. Let y be m(6). What are the prime factors of (5864/28)/((-1)/y) - 4?
2, 17, 43
Suppose -24*i + 7997 = -127483. List the prime factors of i.
5, 1129
Let h = -2952 - -5524. What are the prime factors of h?
2, 643
Let r(q) = 111*q**2 - 22*q - 33. What are the prime factors of r(6)?
3, 1277
Let b = 11235 + 64201. What are the prime factors of b?
2, 18859
Let b(o) = -81*o + 561. Let t(r) = 16*r - 112. Let p(s) = 5*b(s) + 24*t(s). What are the prime factors of p(-14)?
3, 137
Suppose -45*b = -42*b - 93. Suppose 8*r - b = 1. Suppose -4*l + 52 = 3*z, 0*z = z - r*l - 44. What are the prime factors of z?
2, 3
Let y(r) = 76 + 7*r**3 + 21*r - 27*r**2 - 3*r**3 - 42*r + 6*r**2 - 3*r**3. What are the prime factors of y(22)?
2, 7
Let v be -5 - (4 + (-1 - 1)). Let l = 1356 - 1333. Let r = l - v. List the prime factors of r.
2, 3, 5
Let r be (-14)/(-2)*(-4)/(-1). Let u be 3*(76/84 - (-12)/r). Suppose x = u*x - 168. What are the prime factors of x?
2, 7
Let s = 18654 + -13070. What are the prime factors of s?
2, 349
Let x be 13/(-4)*(-11 - -7). Suppose 0 = -5*m - 20, 0*y - y = -4*m + x. Let u = 9 - y. What are the prime factors of u?
2, 19
Suppose 2*d - 702 = -4*o, 3*d = -3*o + 5*o + 1021. Let m be -5*(-6)/30 + 107. Suppose -f + 5*t + m = 0, -t = 3*f + 3*t - d. List the prime factors of f.
113
Let x = -12 - -25. Let j(r) = 11*r - 4*r - r**2 - 16 +